{"id":414,"date":"2018-08-31T12:00:32","date_gmt":"2018-08-31T11:00:32","guid":{"rendered":"https:\/\/www.euhpcinfrastructureworkshop.org\/?page_id=414"},"modified":"2018-09-13T15:01:58","modified_gmt":"2018-09-13T14:01:58","slug":"travel","status":"publish","type":"page","link":"https:\/\/www.euhpcinfrastructureworkshop.org\/?page_id=414","title":{"rendered":"Travel"},"content":{"rendered":"<h2>By plane<\/h2>\n<p style=\"text-align: left;\"><div class='content-column one_half'>Pozna\u0144, an economic centre of western Europe, has earned an international reputation as a city of trade fairs. Thanks to this, <a href=\"https:\/\/www.airport-poznan.com.pl\/en\/\">Pozna\u0144 \u0141awica<\/a> airport has frequent daily connections with Warsaw, Copenhagen, Frankfurt\/Main and Munich. From the airport, there are several bus lines leading directly to the centre of the city. Travel takes about 30min.<\/p>\n<p style=\"text-align: left;\">You can reach the Andersia Hotel by taxi or public transport (more information below).<\/div> <div class='content-column one_half last_column'><p><img loading=\"lazy\" decoding=\"async\" class=\"size-medium wp-image-434 alignleft\" src=\"https:\/\/www.euhpcinfrastructureworkshop.org\/wp-content\/uploads\/2018\/08\/mapa-\u0142awica-300x272.png\" alt=\"\" width=\"300\" height=\"272\" srcset=\"https:\/\/www.euhpcinfrastructureworkshop.org\/wp-content\/uploads\/2018\/08\/mapa-\u0142awica-300x272.png 300w, https:\/\/www.euhpcinfrastructureworkshop.org\/wp-content\/uploads\/2018\/08\/mapa-\u0142awica-768x697.png 768w, https:\/\/www.euhpcinfrastructureworkshop.org\/wp-content\/uploads\/2018\/08\/mapa-\u0142awica-1024x929.png 1024w, https:\/\/www.euhpcinfrastructureworkshop.org\/wp-content\/uploads\/2018\/08\/mapa-\u0142awica-331x300.png 331w, https:\/\/www.euhpcinfrastructureworkshop.org\/wp-content\/uploads\/2018\/08\/mapa-\u0142awica.png 1151w\" sizes=\"auto, (max-width: 300px) 100vw, 300px\" \/><\/div><div class='clear_column'><\/div><\/p>\n<h2>By train<\/h2>\n<p><div class='content-column one_half'>All trains coming to Pozna\u0144 stop at <a href=\"http:\/\/rozklad-pkp.pl\/en\">Pozna\u0144 Main Railway Station<\/a> (Pozna\u0144 G\u0142\u00f3wny).<br \/>\nThe Railway Station is located in the city centre, just next to the Pozna\u0144 International Fair venue (Mi\u0119dzynarodowe Targi Pozna\u0144skie). In the Main Hall there are kiosks, shops, fast food restaurants, ATM and Glob &#8211; Tour tourist information.<\/p>\n<p>What is important,Andersia\u00a0Hotel is within walking distance of<br \/>\nthe Pozna\u0144 Railway Station.<\/div> <div class='content-column one_half last_column'><p><img loading=\"lazy\" decoding=\"async\" class=\"size-medium wp-image-435 alignleft\" src=\"https:\/\/www.euhpcinfrastructureworkshop.org\/wp-content\/uploads\/2018\/08\/DSC04503-300x199.jpg\" alt=\"\" width=\"300\" height=\"199\" srcset=\"https:\/\/www.euhpcinfrastructureworkshop.org\/wp-content\/uploads\/2018\/08\/DSC04503-300x199.jpg 300w, https:\/\/www.euhpcinfrastructureworkshop.org\/wp-content\/uploads\/2018\/08\/DSC04503-768x511.jpg 768w, https:\/\/www.euhpcinfrastructureworkshop.org\/wp-content\/uploads\/2018\/08\/DSC04503-1024x681.jpg 1024w, https:\/\/www.euhpcinfrastructureworkshop.org\/wp-content\/uploads\/2018\/08\/DSC04503-451x300.jpg 451w, https:\/\/www.euhpcinfrastructureworkshop.org\/wp-content\/uploads\/2018\/08\/DSC04503.jpg 1083w\" sizes=\"auto, (max-width: 300px) 100vw, 300px\" \/><\/p><\/div><div class='clear_column'><\/div><\/p>\n<h2><\/h2>\n<h2>By car<\/h2>\n<p><div class='content-column one_half'>You can get to Pozna\u0144 driving A2 motorway from the Polish-German border in \u015awiecko\/Frankfurt, where it connects to the German A12 autobahn, through Pozna\u0144 and \u0141\u00f3d\u017a to Warsaw &#8211; the A2 motorway is a toll road. More information about the costs you can find <a href=\"https:\/\/www.autostrada-a2.pl\/payments\">here<\/a>.<br \/>\nThe city centre is one Parking Zone. A fare is collected for each vehicle parked within the zone. Drivers pay the parking fee in parking meters located along streets in the city centre. The Parking Zone borders are marked with a B-39 road sign.<\/div> <div class='content-column one_half last_column'><img loading=\"lazy\" decoding=\"async\" class=\"alignnone size-medium wp-image-445\" src=\"https:\/\/www.euhpcinfrastructureworkshop.org\/wp-content\/uploads\/2018\/08\/spp-crop-1200-677-300x169.jpg\" alt=\"\" width=\"300\" height=\"169\" srcset=\"https:\/\/www.euhpcinfrastructureworkshop.org\/wp-content\/uploads\/2018\/08\/spp-crop-1200-677-300x169.jpg 300w, https:\/\/www.euhpcinfrastructureworkshop.org\/wp-content\/uploads\/2018\/08\/spp-crop-1200-677-768x433.jpg 768w, https:\/\/www.euhpcinfrastructureworkshop.org\/wp-content\/uploads\/2018\/08\/spp-crop-1200-677-1024x578.jpg 1024w, https:\/\/www.euhpcinfrastructureworkshop.org\/wp-content\/uploads\/2018\/08\/spp-crop-1200-677-500x282.jpg 500w, https:\/\/www.euhpcinfrastructureworkshop.org\/wp-content\/uploads\/2018\/08\/spp-crop-1200-677.jpg 1200w\" sizes=\"auto, (max-width: 300px) 100vw, 300px\" \/><\/div><div class='clear_column'><\/div><\/p>\n<h1><\/h1>\n<p>&nbsp;<\/p>\n<h1>Public transport<\/h1>\n<p><div class='content-column one_half'>Public transport in Pozna\u0144 is excellent and allows you to quickly move around the city, also during peak hours. Several buses (48, 59, 77, L) leave from the airport, which leads straight to the city centre, from where after 3 tram stops you reach the hotel.\u00a0Tickets can be purchased at kiosks, at <a href=\"http:\/\/s25.flog.pl\/media\/foto\/12548091_biletomat-ztm-poznan.jpg\">bus stops<\/a> and in some buses with the <a href=\"https:\/\/d-pt.ppstatic.pl\/kadry\/k\/r\/8\/ee\/b4\/50dd6bcdc702e_o,size,969x565,q,71,h,f500a7.jpg\">ticket\u00a0machine<\/a>. Bus drivers do not sell tickets. The cost of a ticket for 40min is about 1 euro.<\/p>\n<p>We highly recommend\u00a0using one of the apps\u00a0helping find a proper public transport connection, such as <a href=\"https:\/\/jakdojade.pl\/poznan\/trasa\/\">Jakdojade.pl<\/a>.<\/div><div class='content-column one_half last_column'><img loading=\"lazy\" decoding=\"async\" class=\"alignnone size-medium wp-image-446\" src=\"https:\/\/www.euhpcinfrastructureworkshop.org\/wp-content\/uploads\/2018\/08\/poznantramwajmartynjandula.jpg_678-443-300x196.jpg\" alt=\"\" width=\"300\" height=\"196\" srcset=\"https:\/\/www.euhpcinfrastructureworkshop.org\/wp-content\/uploads\/2018\/08\/poznantramwajmartynjandula.jpg_678-443-300x196.jpg 300w, https:\/\/www.euhpcinfrastructureworkshop.org\/wp-content\/uploads\/2018\/08\/poznantramwajmartynjandula.jpg_678-443-459x300.jpg 459w, https:\/\/www.euhpcinfrastructureworkshop.org\/wp-content\/uploads\/2018\/08\/poznantramwajmartynjandula.jpg_678-443.jpg 678w\" sizes=\"auto, (max-width: 300px) 100vw, 300px\" \/><\/div><div class='clear_column'><\/div><\/p>\n<p>&nbsp;<\/p>\n<h1>By taxi<\/h1>\n<p><div class='content-column one_half'>We recommend choosing one of the registered corporations, eg.<\/p>\n<ul>\n<li>(+48) 61 8 222 222<\/li>\n<li>(+48) 61 8 519 519<\/li>\n<li>(+48) 61 8 222 333<\/li>\n<li>Uber<\/li>\n<\/ul>\n<p>Next to the airport hall exit, there is a TAXI rank, it is, however, worthwhile calling TAXI.\u00a0The cost of travel from the airport to the Andersia Hotel should not exceed 30\u00a0PLN (about 7 euro). Please pay attention to the tariff on the taximeter which\u00a0should\u00a0be appropriate for the time of day.<\/div><div class='content-column one_half last_column'><img loading=\"lazy\" decoding=\"async\" class=\"alignnone size-medium wp-image-448\" src=\"https:\/\/www.euhpcinfrastructureworkshop.org\/wp-content\/uploads\/2018\/08\/52657345d890b_osize969x565q71h97cb92-300x175.jpg\" alt=\"\" width=\"300\" height=\"175\" srcset=\"https:\/\/www.euhpcinfrastructureworkshop.org\/wp-content\/uploads\/2018\/08\/52657345d890b_osize969x565q71h97cb92-300x175.jpg 300w, https:\/\/www.euhpcinfrastructureworkshop.org\/wp-content\/uploads\/2018\/08\/52657345d890b_osize969x565q71h97cb92-768x448.jpg 768w, https:\/\/www.euhpcinfrastructureworkshop.org\/wp-content\/uploads\/2018\/08\/52657345d890b_osize969x565q71h97cb92-500x292.jpg 500w, https:\/\/www.euhpcinfrastructureworkshop.org\/wp-content\/uploads\/2018\/08\/52657345d890b_osize969x565q71h97cb92.jpg 969w\" sizes=\"auto, (max-width: 300px) 100vw, 300px\" \/><\/div><div class='clear_column'><\/div><\/p>\n","protected":false},"excerpt":{"rendered":"<p>By plane By train By car &nbsp; Public transport &nbsp; By taxi<\/p>\n","protected":false},"author":2,"featured_media":0,"parent":401,"menu_order":0,"comment_status":"closed","ping_status":"closed","template":"","meta":{"footnotes":""},"class_list":["post-414","page","type-page","status-publish","hentry"],"_links":{"self":[{"href":"https:\/\/www.euhpcinfrastructureworkshop.org\/index.php?rest_route=\/wp\/v2\/pages\/414","targetHints":{"allow":["GET"]}}],"collection":[{"href":"https:\/\/www.euhpcinfrastructureworkshop.org\/index.php?rest_route=\/wp\/v2\/pages"}],"about":[{"href":"https:\/\/www.euhpcinfrastructureworkshop.org\/index.php?rest_route=\/wp\/v2\/types\/page"}],"author":[{"embeddable":true,"href":"https:\/\/www.euhpcinfrastructureworkshop.org\/index.php?rest_route=\/wp\/v2\/users\/2"}],"replies":[{"embeddable":true,"href":"https:\/\/www.euhpcinfrastructureworkshop.org\/index.php?rest_route=%2Fwp%2Fv2%2Fcomments&post=414"}],"version-history":[{"count":18,"href":"https:\/\/www.euhpcinfrastructureworkshop.org\/index.php?rest_route=\/wp\/v2\/pages\/414\/revisions"}],"predecessor-version":[{"id":470,"href":"https:\/\/www.euhpcinfrastructureworkshop.org\/index.php?rest_route=\/wp\/v2\/pages\/414\/revisions\/470"}],"up":[{"embeddable":true,"href":"https:\/\/www.euhpcinfrastructureworkshop.org\/index.php?rest_route=\/wp\/v2\/pages\/401"}],"wp:attachment":[{"href":"https:\/\/www.euhpcinfrastructureworkshop.org\/index.php?rest_route=%2Fwp%2Fv2%2Fmedia&parent=414"}],"curies":[{"name":"wp","href":"https:\/\/api.w.org\/{rel}","templated":true}]}}